{"id":2951,"date":"2022-08-12T00:40:22","date_gmt":"2022-08-12T00:40:22","guid":{"rendered":"http:\/\/www.gallavi.com\/?page_id=2951"},"modified":"2022-09-26T15:01:10","modified_gmt":"2022-09-26T15:01:10","slug":"kahve-tarihi","status":"publish","type":"page","link":"https:\/\/www.gallavi.com\/index.php\/kahve-tarihi\/","title":{"rendered":"Kahve Tarihi"},"content":{"rendered":"<p>[vc_row full_width=&#8221;stretch_row_content&#8221; css=&#8221;.vc_custom_1539866195448{padding-top: 120px !important;padding-bottom: 150px !important;}&#8221; padding_tablet=&#8221;70px 30px 70px 30px&#8221; el_id=&#8221;about&#8221;][vc_column width=&#8221;1\/2&#8243;]\r\n<div id=\"single-image-xPqSIw708L\" class=\"sh-single-image  \">\r\n\t<div class=\"sh-element-margin\">\r\n\r\n\t\t\r\n\t\t\t<div class=\"sh-single-image-container\">\r\n\t\t\t\t\r\n\t\t\t\t\t\t\t\t\t\t\t\t\t\t\t<a href=\"https:\/\/www.gallavi.com\/wp-content\/uploads\/2018\/06\/top-view-tasty-coffee-with-coffee-beans-scaled.jpg\" rel=\"lightbox\">\r\n\t\t\t\t\t\r\n\t\t\t\t\t\t\t\t\t\t\t\t\t<img decoding=\"async\" class=\"sh-image-url\" src=\"https:\/\/www.gallavi.com\/wp-content\/uploads\/2018\/06\/top-view-tasty-coffee-with-coffee-beans-scaled.jpg\" alt=\"Hot coffee in a coffeepot or turk on a wooden background with coffee leaves and beans, horizontal with copy space. Top view\" \/>\r\n\t\t\t\t\t\t\t\t\t\t\t\t\t\r\n\t\t\t\t\t\t\t\t\t\t\t<\/a>\r\n\t\t\t\t\t\t\t\t\t\r\n\t\t\t\t\t\t\t<\/div>\r\n\r\n\t\t\r\n\t<\/div>\r\n<\/div>\r\n            <style type=\"text\/css\">\r\n                #single-image-xPqSIw708L {text-align: right;}            <\/style>\r\n        [\/vc_column][vc_column css_animation=&#8221;fadeInRight&#8221; width=&#8221;2\/6&#8243; max_width=&#8221;500&#8243;]\r\n\r\n\t<div class=\"sh-heading sh-heading-style1\" id=\"heading-Nuz0YOQ4Le\">\r\n\t\t<h2 class=\"sh-heading-content size-xl\">\r\n\t\t\tKAHVE VE TAR\u0130H\u0130\t\t<\/h2>\r\n\t<\/div>\r\n\r\n            <style type=\"text\/css\">\r\n                #heading-Nuz0YOQ4Le .sh-heading-content {font-weight: 300!important;color: #363636;}            <\/style>\r\n        \r\n            \r\n            <div class=\"sh-empty-space vc_empty_space sh-empty-space-QxXLq9ARn4  \" style=\"height: 15px\">\r\n                <span class=\"vc_empty_space_inner\"><\/span>\r\n            <\/div>\r\n\r\n        \r\n<div class=\"sh-heading  \" id=\"heading-psetKXCAGh\">\r\n\t<div class=\"sh-element-margin\">\r\n\r\n\t\t\r\n\t\t\t<h2 class=\"sh-heading-content size-custom text-left\">\r\n\t\t\t\tGallavi Kahve\t\t\t<\/h2>\r\n\r\n\t\t\r\n\t<\/div>\r\n<\/div>\r\n            <style type=\"text\/css\">\r\n                #heading-psetKXCAGh .sh-element-margin {}#heading-psetKXCAGh .sh-heading-content {font-size: 12px;font-weight: 400!important;color: #0078aa;}#heading-psetKXCAGh .sh-heading-content,#heading-psetKXCAGh .sh-heading-additional-text {font-family: 'Montserrat'!important;}            <\/style>\r\n        \r\n            \r\n            <div class=\"sh-empty-space vc_empty_space sh-empty-space-vHxkNpPIdQ  \" style=\"height: 50px\">\r\n                <span class=\"vc_empty_space_inner\"><\/span>\r\n            <\/div>\r\n\r\n        [vc_column_text]<span style=\"color: #4a1031;\">KAHVE \u0130SM\u0130 NEREDEN GEL\u0130YOR?<\/span><\/p>\n<p>Habe\u015fistan\u2019da kahve yeti\u015fen bir b\u00f6lge olan Kaffa\u2019n\u0131n, kahveye ismini verdi\u011fi s\u00f6ylenir. \u0130ki kelime aras\u0131ndaki benzerlik ve kahvenin Habe\u015fistan\u2019da ke\u015ffedildi\u011fi iddias\u0131, bu g\u00f6r\u00fc\u015f\u00fc destekliyor.<\/p>\n<p><span style=\"color: #4a1031;\">KAHVEN\u0130N YAYILMA SER\u00dcVEN\u0130<\/span><\/p>\n<p>Kahve ilk kez Habe\u015fistan\u2019da t\u00fcketildikten sonra Yemen\u2019e getirilmi\u015ftir ve as\u0131l \u015f\u00f6hretini burada kazanm\u0131\u015ft\u0131r. G\u00fcn\u00fcm\u00fczde Yemen, kahve denildi\u011finde akla gelen ilk \u00fclkedir fakat kahvenin as\u0131l vatan\u0131 buras\u0131 de\u011fildir. Yemen, kahve k\u00fclt\u00fcr\u00fcn\u00fc olu\u015fturan \u00fclkedir.<\/p>\n<p>Kahvenin Habe\u015fistan\u2019dan d\u00fcnyaya yay\u0131lmas\u0131n\u0131 sa\u011flayan ki\u015finin ise Osmanl\u0131 Subay\u0131 \u00d6zdemir Pa\u015fa oldu\u011fu s\u00f6ylenir. T\u00fcrk kahvesini di\u011fer kahve k\u00fclt\u00fcrleriyle d\u00f6nemsel olarak kar\u015f\u0131la\u015ft\u0131r\u0131ld\u0131\u011f\u0131nda di\u011ferlerine nazaran en eski tarihlere uzanmas\u0131, bu iddian\u0131n do\u011fru oldu\u011funu kan\u0131tlamaya yetiyor.<\/p>\n<p><span style=\"color: #4a1031;\">KAHVE K\u00dcLT\u00dcRLER\u0130<\/span><\/p>\n<p>Her millet, kendi k\u00fclt\u00fcr\u00fcn\u00fcn miras\u0131 olan damak tad\u0131 ve ya\u015fad\u0131\u011f\u0131 iklimin sahip oldu\u011fu \u00f6zellikler sonucunda kahveyi farkl\u0131 \u015fekillerde t\u00fcketmi\u015ftir. Bu farklar kahvenin pi\u015firilme \u015feklinde ve lezzetlendirmek i\u00e7in yap\u0131lan ilave malzemelerde ayr\u0131\u015fmaya sebep olmu\u015ftur. Her millet kendi kahve k\u00fclt\u00fcr\u00fcn\u00fc ya\u015fatmaya devam ediyor fakat bir\u00e7o\u011fu k\u00fcresel boyutta di\u011fer \u00fclkeleri etkileyememi\u015f, baz\u0131lar\u0131 ise kendi k\u00fclt\u00fcr\u00fcn\u00fc t\u00fcm d\u00fcnyaya benimsetmi\u015f durumda.[\/vc_column_text][\/vc_column][\/vc_row]<\/p>\n","protected":false},"excerpt":{"rendered":"<p>[vc_row full_width=&#8221;stretch_row_content&#8221; css=&#8221;.vc_custom_1539866195448{padding-top: 120px !important;padding-bottom: 150px !important;}&#8221; padding_tablet=&#8221;70px 30px 70px 30px&#8221; el_id=&#8221;about&#8221;][vc_column width=&#8221;1\/2&#8243;] [\/vc_column][vc_column css_animation=&#8221;fadeInRight&#8221; width=&#8221;2\/6&#8243; max_width=&#8221;500&#8243;] KAHVE VE TAR\u0130H\u0130 Gallavi Kahve [vc_column_text]KAHVE \u0130SM\u0130 NEREDEN GEL\u0130YOR? Habe\u015fistan\u2019da kahve yeti\u015fen bir b\u00f6lge olan Kaffa\u2019n\u0131n, kahveye ismini verdi\u011fi s\u00f6ylenir. \u0130ki kelime aras\u0131ndaki benzerlik ve kahvenin Habe\u015fistan\u2019da ke\u015ffedildi\u011fi&#8230;<\/p>\n","protected":false},"author":1,"featured_media":0,"parent":0,"menu_order":0,"comment_status":"closed","ping_status":"closed","template":"elementor_theme","meta":{"footnotes":""},"class_list":["post-2951","page","type-page","status-publish","hentry"],"_links":{"self":[{"href":"https:\/\/www.gallavi.com\/index.php\/wp-json\/wp\/v2\/pages\/2951","targetHints":{"allow":["GET"]}}],"collection":[{"href":"https:\/\/www.gallavi.com\/index.php\/wp-json\/wp\/v2\/pages"}],"about":[{"href":"https:\/\/www.gallavi.com\/index.php\/wp-json\/wp\/v2\/types\/page"}],"author":[{"embeddable":true,"href":"https:\/\/www.gallavi.com\/index.php\/wp-json\/wp\/v2\/users\/1"}],"replies":[{"embeddable":true,"href":"https:\/\/www.gallavi.com\/index.php\/wp-json\/wp\/v2\/comments?post=2951"}],"version-history":[{"count":4,"href":"https:\/\/www.gallavi.com\/index.php\/wp-json\/wp\/v2\/pages\/2951\/revisions"}],"predecessor-version":[{"id":3036,"href":"https:\/\/www.gallavi.com\/index.php\/wp-json\/wp\/v2\/pages\/2951\/revisions\/3036"}],"wp:attachment":[{"href":"https:\/\/www.gallavi.com\/index.php\/wp-json\/wp\/v2\/media?parent=2951"}],"curies":[{"name":"wp","href":"https:\/\/api.w.org\/{rel}","templated":true}]}}